e highest common divisor of 4140 and 30.
30
What is the highest common factor of 47 and 376?
47
Calculate the highest common divisor of 1044 and 32.
4
What is the highest common divisor of 252 and 8190?
126
Calculate the greatest common factor of 116 and 3132.
116
Calculate the highest common factor of 185 and 74.
37
What is the highest common divisor of 9131 and 23?
23
What is the greatest common factor of 32129 and 178?
89
Calculate the greatest common factor of 1008 and 8.
8
What is the highest common divisor of 70 and 18095?
35
Calculate the highest common divisor of 182 and 1183.
91
What is the highest common divisor of 2055 and 45?
15
What is the highest common divisor of 40 and 60?
20
Calculate the greatest common divisor of 3879 and 18.
9
Calculate the greatest common divisor of 301 and 21.
7
What is the highest common divisor of 345 and 115?
115
What is the greatest common factor of 96 and 128?
32
What is the highest common divisor of 96 and 7584?
96
What is the highest common factor of 114 and 5871?
57
Calculate the greatest common divisor of 112 and 5348.
28
What is the greatest common factor of 1836 and 27999?
459
Calculate the highest common factor of 572 and 52.
52
What is the highest common divisor of 1225 and 25?
25
Calculate the greatest common factor of 16 and 36.
4
What is the highest common divisor of 1116 and 198?
18
Calculate the greatest common factor of 8 and 9.
1
What is the greatest common divisor of 737 and 268?
67
Calculate the greatest common factor of 22527 and 36.
9
Calculate the greatest common divisor of 152 and 114.
38
Calculate the greatest common factor of 99 and 63.
9
What is the highest common factor of 612 and 324?
36
Calculate the greatest common factor of 2128 and 8246.
266
Calculate the greatest common factor of 689 and 221.
13
Calculate the greatest common divisor of 570 and 228.
114
What is the greatest common factor of 29 and 3973?
29
Calculate the greatest common factor of 4716 and 144.
36
Calculate the highest common factor of 76 and 399.
19
Calculate the highest common factor of 1485 and 11055.
165
Calculate the greatest common factor of 145 and 58.
29
What is the highest common factor of 100 and 50?
50
What is the highest common divisor of 576 and 16?
16
What is the highest common factor of 228 and 24?
12
What is the greatest common divisor of 20 and 2005?
5
What is the highest common factor of 175 and 70?
35
What is the highest common factor of 9 and 2?
1
Calculate the highest common divisor of 53 and 9063.
53
What is the greatest common factor of 5 and 75?
5
What is the greatest common factor of 12 and 360?
12
What is the greatest common divisor of 399 and 456?
57
Calculate the highest common factor of 30 and 4.
2
What is the highest common divisor of 1221 and 111?
111
Calculate the greatest common divisor of 104 and 377.
13
What is the highest common divisor of 72 and 774?
18
Calculate the greatest common factor of 2368 and 8.
8
Calculate the highest common factor of 192 and 5184.
192
Calculate the greatest common factor of 124 and 4.
4
Calculate the highest common factor of 7275 and 873.
291
Calculate the greatest common divisor of 30 and 228.
6
Calculate the greatest common divisor of 14 and 94.
2
What is the greatest common divisor of 104 and 184?
8
What is the highest common factor of 30 and 1160?
10
What is the greatest common factor of 33 and 3?
3
What is the greatest common divisor of 4802 and 98?
98
What is the greatest common divisor of 80 and 80?
80
Calculate the greatest common factor of 7868 and 42.
14
What is the greatest common divisor of 30 and 222?
6
Calculate the greatest common factor of 17 and 425.
17
Calculate the greatest common factor of 234 and 1.
1
What is the greatest common factor of 2261 and 4788?
133
Calculate the greatest common divisor of 27 and 27.
27
Calculate the highest common divisor of 390 and 2665.
65
Calculate the highest common factor of 396 and 4554.
198
Calculate the greatest common divisor of 28 and 4228.
28
Calculate the highest common divisor of 100 and 12700.
100
What is the highest common factor of 94 and 235?
47
What is the greatest common divisor of 6580 and 20?
20
What is the highest common divisor of 64 and 8696?
8
Calculate the greatest common factor of 660 and 105.
15
Calculate the highest common divisor of 25 and 9.
1
Calculate the greatest common divisor of 119 and 7.
7
Calculate the highest common divisor of 116 and 203.
29
Calculate the greatest common factor of 3081 and 78.
39
Calculate the highest common factor of 11979 and 9.
9
Calculate the greatest common factor of 51376 and 608.
304
What is the greatest common factor of 30 and 570?
30
Calculate the greatest common factor of 54 and 675.
27
What is the greatest common divisor of 703 and 38?
19
What is the greatest common factor of 22 and 11?
11
Calculate the highest common factor of 41 and 6765.
41
What is the highest common divisor of 121 and 11?
11
What is the highest common factor of 390 and 702?
78
What is the greatest common divisor of 84 and 308?
28
Calculate the highest common factor of 24 and 584.
8
Calculate the greatest common divisor of 3528 and 189.
63
What is the highest common divisor of 14 and 8498?
14
What is the greatest common factor of 63 and 889?
7
What is the greatest common factor of 3515 and 95?
95
What is the greatest common divisor of 1107 and 27?
27
Calculate the highest common divisor of 416 and 156.
52
What is the greatest common factor of 98 and 10430?
14
Calculate the greatest common factor of 3807 and 432.
27
Calculate the greatest common divisor of 8 and 200.
8
What is the highest common divisor of 1003 and 17?
17
What is the highest common factor of 638 and 3014?
22
Calculate the highest common factor of 113 and 2260.
113
What is the highest common divisor of 96 and 1986?
6
Calculate the highest common factor of 68 and 544.
68
Calculate the greatest common factor of 4 and 329.
1
Calculate the greatest common factor of 249 and 2573.
83
Calculate the highest common factor of 13 and 52.
13
What is the highest common factor of 4648 and 252?
28
Calculate the greatest common divisor of 23793 and 1236.
309
What is the highest common factor of 1952 and 61?
61
What is the greatest common factor of 180 and 606?
6
What is the highest common factor of 75 and 165?
15
What is the greatest common factor of 24 and 1608?
24
Calculate the highest common factor of 4455 and 11.
11
Calculate the greatest common factor of 61 and 427.
61
Calculate the highest common factor of 112 and 4718.
14
What is the greatest common divisor of 7869 and 258?
129
Calculate the greatest common factor of 221 and 34.
17
Calculate the highest common divisor of 10 and 95.
5
What is the greatest common divisor of 80 and 60?
20
Calculate the highest common divisor of 336 and 192.
48
What is the greatest common factor of 77 and 1463?
77
Calculate the greatest common factor of 210 and 720.
30
Calculate the greatest common divisor of 28 and 210.
14
What is the highest common divisor of 480 and 415?
5
What is the highest common divisor of 33 and 748?
11
What is the highest common divisor of 16 and 4552?
8
What is the greatest common factor of 451 and 11?
11
What is the highest common divisor of 8441 and 734?
367
What is the highest common factor of 21 and 777?
21
Calculate the highest common divisor of 29 and 1218.
29
What is the greatest common divisor of 210 and 438?
6
Calculate the highest common factor of 29 and 1.
1
Calculate the greatest common factor of 440 and 40.
40
What is the greatest common factor of 21 and 147?
21
Calculate the greatest common divisor of 504 and 288.
72
Calculate the greatest common divisor of 225 and 525.
75
Calculate the highest common divisor of 15 and 2230.
5
What is the highest common factor of 310 and 20?
10
What is the greatest common factor of 459 and 136?
17
What is the highest common divisor of 533 and 104?
13
What is the greatest common divisor of 209 and 2147?
19
Calculate the highest common factor of 1580 and 474.
158
Calculate the greatest common factor of 52 and 338.
26
Calculate the highest common divisor of 24 and 180.
12
What is the highest common divisor of 66 and 26466?
66
Calculate the greatest common factor of 29 and 928.
29
What is the greate